43 composite?
True
Is 8467607 a prime number?
False
Is 1498687 prime?
True
Is 24270971 composite?
False
Is 19135453 a composite number?
False
Is 1957357 prime?
True
Is 4233421 prime?
True
Is 47759618 prime?
False
Is 40105991 a composite number?
False
Is 53078857 composite?
True
Is 40832873 composite?
False
Is 1417811 a prime number?
False
Is 160096049 a composite number?
False
Is 7144489 a prime number?
False
Is 10374343 composite?
True
Is 391729 a prime number?
False
Is 1324727 a prime number?
False
Is 10854331 a composite number?
False
Is 1008659 a composite number?
False
Is 3691243 a prime number?
False
Is 15439549 a composite number?
False
Is 818959 a composite number?
False
Is 88072487 a prime number?
True
Is 406229 a prime number?
False
Is 27685207 prime?
False
Is 49984147 composite?
True
Is 893053 composite?
True
Is 8257443 composite?
True
Is 5225501 a prime number?
True
Is 1164043 a prime number?
True
Is 223947257 a prime number?
False
Is 6107993 a composite number?
True
Is 5247533 composite?
False
Is 17723 prime?
False
Is 9190183 composite?
True
Is 15104119 prime?
True
Is 39441 a prime number?
False
Is 664397 prime?
False
Is 15726841 composite?
True
Is 2291293 composite?
True
Is 75739019 composite?
False
Is 4438607 composite?
True
Is 120511691 a composite number?
True
Is 6136441 a composite number?
False
Is 228565291 a composite number?
False
Is 163214849 composite?
True
Is 25830943 composite?
True
Is 756773 composite?
False
Is 1302253 composite?
False
Is 317240873 a prime number?
True
Is 29714891 composite?
False
Is 213666763 a composite number?
False
Is 3786553 a prime number?
True
Is 1375319 composite?
True
Is 3055549 a prime number?
False
Is 26952901 composite?
False
Is 27540763 a composite number?
False
Is 77456447 composite?
True
Is 316722377 prime?
True
Is 36043379 prime?
True
Is 21823141 a composite number?
True
Is 1774131 a prime number?
False
Is 5384679 a composite number?
True
Is 989059 composite?
False
Is 42504974 composite?
True
Is 1669567 prime?
False
Is 379293017 prime?
True
Is 15152857 prime?
True
Is 1861421 a composite number?
True
Is 56573494 composite?
True
Is 109228331 composite?
False
Is 74311571 composite?
False
Is 1564933 composite?
False
Is 52527577 prime?
True
Is 843653 a prime number?
False
Is 5549906 composite?
True
Is 5707027 prime?
True
Is 27830311 composite?
True
Is 2921861 composite?
False
Is 265921 a prime number?
True
Is 15279367 composite?
True
Is 8574229 prime?
True
Is 32868299 a composite number?
False
Is 518801 a prime number?
True
Is 31055183 a composite number?
True
Is 7559051 a prime number?
True
Is 161451109 a prime number?
True
Is 16772477 composite?
True
Is 1392803 composite?
False
Is 7082191 composite?
False
Is 200087 a composite number?
False
Is 180794 composite?
True
Is 38495287 a prime number?
True
Is 398207309 a prime number?
False
Is 18349813 composite?
True
Is 47056771 a prime number?
True
Is 22442893 composite?
True
Is 898435 a composite number?
True
Is 199422661 a composite number?
False
Is 19699961 a composite number?
True
Is 114668399 prime?
True
Is 383569 a prime number?
False
Is 38930737 a composite number?
True
Is 495296381 a prime number?
True
Is 49664089 composite?
True
Is 32508001 composite?
True
Is 183431543 a prime number?
True
Is 2082637 composite?
True
Is 16597501 a composite number?
False
Is 15762149 a prime number?
False
Is 223843813 a composite number?
False
Is 2866519 prime?
True
Is 251439971 a prime number?
True
Is 16880249 a prime number?
False
Is 455627 composite?
False
Is 3331517711 a composite number?
False
Is 15110917 composite?
True
Is 56528093 prime?
True
Is 1875283 prime?
False
Is 97987 a composite number?
False
Is 105104917 a composite number?
True
Is 134173159 a prime number?
False
Is 1584641 prime?
True
Is 3606461 prime?
True
Is 5090506 composite?
True
Is 1876741 a prime number?
True
Is 2535677 composite?
True
Is 5801786 composite?
True
Is 298951221 prime?
False
Is 15979943 a composite number?
True
Is 31543087 prime?
False
Is 12816633 prime?
False
Is 15893765 prime?
False
Is 7024387 prime?
True
Is 16985429 a composite number?
False
Is 52378081 composite?
True
Is 1219147 composite?
False
Is 2815993 composite?
False
Is 600160409 a composite number?
False
Is 30087797 a prime number?
False
Is 36818113 prime?
True
Is 22106597 prime?
True
Is 216023 prime?
True
Is 397159841 prime?
False
Is 611391943 a composite number?
False
Is 24990337 a composite number?
True
Is 7492789 a prime number?
False
Is 1104647 composite?
True
Is 28234553 a composite number?
True
Is 53910209 composite?
True
Is 27715297 a composite number?
True
Is 21378703 prime?
False
Is 2550493807 a prime number?
True
Is 6881309 composite?
True
Is 1472077 prime?
True
Is 306756671 a composite number?
True
Is 2952881 a composite number?
False
Is 866971 composite?
True
Is 30514103 prime?
False
Is 26988251 a prime number?
True
Is 28109 a composite number?
False
Is 4882091 a composite number?
True
Is 1246147 composite?
True
Is 4086949 composite?
False
Is 353407 prime?
False
Is 1286569 prime?
True
Is 4646983 a prime number?
False
Is 80683549 prime?
True
Is 434341849 a composite number?
False
Is 63363013 a composite number?
True
Is 1607773 prime?
True
Is 1122785467 prime?
False
Is 39930097 prime?
False
Is 5464369 a prime number?
True
Is 432659 a composite number?
False
Is 107720167 a prime number?
True
Is 2087653 composite?
True
Is 399046 a composite number?
True
Is 1217219 prime?
True
Is 147943 prime?
False
Is 2516674 a prime number?
False
Is 5805467 prime?
True
Is 36686413 a composite number?
False
Is 2210773 a composite number?
False
Is 6257291 a prime number?
False
Is 135849299 composite?
False
Is 1399573013 composite?
False
Is 12100823 a composite number?
True
Is 6074821 a prime number?
True
Is 111555839 prime?
False
Is 335536943 prime?
False
Is 1690387 prime?
True
Is 10403273 a prime number?
False
Is 850727 a prime number?
True
Is 4895669 a composite number?
True
Is 1294206605 composite?
True
Is 172476179 composite?
False
Is 974649103 a prime number?
True
Is 4289053 prime?
True
Is 4478137 a prime number?
True
Is 7057409 a prime number?
True
Is 145239193 a prime number?
False
Is 130739087 prime?
True
Is 51079 composite?
True
Is 186215 prime?
False
Is 50117167 composite?
False
Is 41575871 composite?
True
Is 1223113 a prime number?
False
Is 9116627 a prime number?
False
Is 5183381 a composite number?
True
Is 12815191 composite?
False
Is 5326127 a composite number?
False
Is 929717 a prime number?
True
Is 95583583 a prime number?
False
Is 35986751 a prime number?
True
Is 1376693 a composite number?
False
Is 3140611 composite?
True
Is 823117 a composite number?
False
Is 108306877 a prime number?
False
Is 236689237 a composite number?
True
Is 5607113 a composite number?
False
Is 153178429 a composite number?
False
Is 98297977 composite?
False
Is 198440926 a composite number?
True
Is 79588841 prime?
True
Is 346858 a prime number?
False
Is 7901969 a composite number?
True
Is 613253197 prime?
True
Is 330143 composite?
True
Is 487574 a prime number?
False
Is 3416381 prime?
True
Is 428566 composite?
True
Is 1228129 prime?
False
Is 48128779 a composite number?
False
Is 1624991 a prime number?
True
Is 116461 composite?
False
Is 229722391 prime?
False
Is 71626679 prime?
True
Is 78258919 a prime number?
True
Is 1159001 a composite number?
False
Is 276421 composite?
True
Is 175819997 a composite number?
True
Is 535201 a composite number?
True
Is 59050811 a prime number?
True
Is 25512937 a composite number?
True
Is 8135122 a composite number?
True
Is 134480354 a prime number?
False
Is 260958569 composite?
False
Is 22893821 a prime number?
True
Is 96641687 prime?
True
Is 2019361 prime?
True
Is 16581601 a composite number?
False
Is 4708493 composite?
False
Is 968519 a prime number?
True
Is 44958327 prime?
False
Is 43843411 a composite number?
True
Is 42453107 a prime number?
True
Is 665585889 a composite number?
True
Is 1591403471 a composite number?
True
Is 96849551 prime?
False
Is 27107477 composite?
True
Is 33608153 a prime number?
False
Is 756463 a prime number?
True
Is 945977 a composite number?
True
Is 3034253 prime?
True
Is 47599 composite?
False
Is 2343661 a prime number?
True
Is 11661241 a prime number?
True
